{"id":7971,"date":"2023-09-16T19:50:23","date_gmt":"2023-09-16T17:50:23","guid":{"rendered":"http:\/\/sentradewestafrica.com\/?page_id=7971"},"modified":"2023-10-17T05:29:05","modified_gmt":"2023-10-17T03:29:05","slug":"notre-equipe","status":"publish","type":"page","link":"https:\/\/sentradewestafrica.com\/index.php\/notre-equipe\/","title":{"rendered":"Notre Equipe"},"content":{"rendered":"\t\t<div data-elementor-type=\"wp-page\" data-elementor-id=\"7971\" class=\"elementor elementor-7971\">\n\t\t\t\t\t\t\t<div class=\"elementor-element elementor-element-8901e2d e-flex e-con-boxed e-con e-parent\" data-id=\"8901e2d\" data-element_type=\"container\" data-settings=\"{&quot;content_width&quot;:&quot;boxed&quot;}\" data-core-v316-plus=\"true\">\n\t\t\t\t\t<div class=\"e-con-inner\">\n\t\t\t\t<div class=\"elementor-element elementor-element-0d8c56c elementor-widget elementor-widget-ct_team_carousel\" data-id=\"0d8c56c\" data-element_type=\"widget\" data-widget_type=\"ct_team_carousel.default\">\n\t\t\t\t<div class=\"elementor-widget-container\">\n\t\t\t    <div class=\"ct-team ct-team-carousel1 ct-slick-slider\">\r\n        <div class=\"ct-carousel-inner\">\r\n            <div class=\"ct-slick-carousel slick-arrow-style2\" data-arrows=\"\" data-dots=\"\" data-pauseOnHover=\"\" data-autoplay=\"\" data-autoplaySpeed=\"5000\" data-infinite=\"\" data-speed=\"500\" data-colxs=\"1\" data-colsm=\"2\" data-colmd=\"3\" data-collg=\"3\" data-colxl=\"3\" data-dir=\"false\" data-slidesToScroll=\"1\">\r\n                                    <div class=\"slick-slide\">\r\n                        <div class=\"item--inner \">\r\n                                                            <div class=\"item--image\">\r\n                                    <a ><img decoding=\"async\" width=\"433\" height=\"481\" src=\"https:\/\/sentradewestafrica.com\/wp-content\/uploads\/2023\/10\/moraly.png\" class=\"attachment-full\" alt=\"\" \/><\/a>\r\n                                <\/div>\r\n                                                        <div class=\"item--holder\">\r\n                                <div class=\"item--holder-inner\">\r\n                                    <h3 class=\"item--title\">    \r\n                                        <a >Mor Aly NDIAYE<\/a>\r\n                                    <\/h3>\r\n                                    <div class=\"item--position\">Le Directeur G\u00e9n\u00e9ral<\/div>\r\n                                    <ul class=\"item--social\">\r\n                                                                            <\/ul>\r\n                                <\/div>\r\n                            <\/div>\r\n                       <\/div>\r\n                    <\/div>\r\n                                    <div class=\"slick-slide\">\r\n                        <div class=\"item--inner \">\r\n                                                            <div class=\"item--image\">\r\n                                    <a ><img decoding=\"async\" width=\"2560\" height=\"2560\" src=\"https:\/\/sentradewestafrica.com\/wp-content\/uploads\/2023\/10\/picture-profile-icon-male-icon-human-or-people-sign-and-symbol-free-vector-scaled.jpeg\" class=\"attachment-full\" alt=\"\" \/><\/a>\r\n                                <\/div>\r\n                                                        <div class=\"item--holder\">\r\n                                <div class=\"item--holder-inner\">\r\n                                    <h3 class=\"item--title\">    \r\n                                        <a >Le Charg\u00e9 de Programmes Th\u00e9matique et Scientifique<\/a>\r\n                                    <\/h3>\r\n                                    <div class=\"item--position\">faye@sentradewwestafrica.com <\/div>\r\n                                    <ul class=\"item--social\">\r\n                                                                            <\/ul>\r\n                                <\/div>\r\n                            <\/div>\r\n                       <\/div>\r\n                    <\/div>\r\n                                    <div class=\"slick-slide\">\r\n                        <div class=\"item--inner \">\r\n                                                            <div class=\"item--image\">\r\n                                    <a ><img decoding=\"async\" width=\"2560\" height=\"2560\" src=\"https:\/\/sentradewestafrica.com\/wp-content\/uploads\/2023\/10\/picture-profile-icon-male-icon-human-or-people-sign-and-symbol-free-vector-scaled.jpeg\" class=\"attachment-full\" alt=\"\" \/><\/a>\r\n                                <\/div>\r\n                                                        <div class=\"item--holder\">\r\n                                <div class=\"item--holder-inner\">\r\n                                    <h3 class=\"item--title\">    \r\n                                        <a >Le Charg\u00e9 de la Communication<\/a>\r\n                                    <\/h3>\r\n                                    <div class=\"item--position\">fall@sentradewestafria.com <\/div>\r\n                                    <ul class=\"item--social\">\r\n                                                                            <\/ul>\r\n                                <\/div>\r\n                            <\/div>\r\n                       <\/div>\r\n                    <\/div>\r\n                            <\/div>\r\n        <\/div>\r\n    <\/div>\r\n\t\t<\/div>\n\t\t\t\t<\/div>\n\t\t\t\t\t<\/div>\n\t\t\t\t<\/div>\n\t\t<div class=\"elementor-element elementor-element-542b120 e-flex e-con-boxed e-con e-parent\" data-id=\"542b120\" data-element_type=\"container\" data-settings=\"{&quot;content_width&quot;:&quot;boxed&quot;}\" data-core-v316-plus=\"true\">\n\t\t\t\t\t<div class=\"e-con-inner\">\n\t\t\t\t<div class=\"elementor-element elementor-element-2c57b1e elementor-widget elementor-widget-ct_team_carousel\" data-id=\"2c57b1e\" data-element_type=\"widget\" data-widget_type=\"ct_team_carousel.default\">\n\t\t\t\t<div class=\"elementor-widget-container\">\n\t\t\t    <div class=\"ct-team ct-team-carousel1 ct-slick-slider\">\r\n        <div class=\"ct-carousel-inner\">\r\n            <div class=\"ct-slick-carousel slick-arrow-style2\" data-arrows=\"\" data-dots=\"\" data-pauseOnHover=\"\" data-autoplay=\"\" data-autoplaySpeed=\"5000\" data-infinite=\"\" data-speed=\"500\" data-colxs=\"1\" data-colsm=\"2\" data-colmd=\"3\" data-collg=\"3\" data-colxl=\"3\" data-dir=\"false\" data-slidesToScroll=\"1\">\r\n                                    <div class=\"slick-slide\">\r\n                        <div class=\"item--inner \">\r\n                                                            <div class=\"item--image\">\r\n                                    <a ><img decoding=\"async\" width=\"437\" height=\"445\" src=\"https:\/\/sentradewestafrica.com\/wp-content\/uploads\/2023\/10\/FAYE.png\" class=\"attachment-full\" alt=\"\" \/><\/a>\r\n                                <\/div>\r\n                                                        <div class=\"item--holder\">\r\n                                <div class=\"item--holder-inner\">\r\n                                    <h3 class=\"item--title\">    \r\n                                        <a >Le Responsable Logistique<\/a>\r\n                                    <\/h3>\r\n                                    <div class=\"item--position\">demba@sentradewestafrica.com <\/div>\r\n                                    <ul class=\"item--social\">\r\n                                                                            <\/ul>\r\n                                <\/div>\r\n                            <\/div>\r\n                       <\/div>\r\n                    <\/div>\r\n                                    <div class=\"slick-slide\">\r\n                        <div class=\"item--inner \">\r\n                                                            <div class=\"item--image\">\r\n                                    <a ><img decoding=\"async\" width=\"1004\" height=\"1136\" src=\"https:\/\/sentradewestafrica.com\/wp-content\/uploads\/2023\/10\/Capture-decran-2023-10-17-a-03.24.47.png\" class=\"attachment-full\" alt=\"\" \/><\/a>\r\n                                <\/div>\r\n                                                        <div class=\"item--holder\">\r\n                                <div class=\"item--holder-inner\">\r\n                                    <h3 class=\"item--title\">    \r\n                                        <a >Le Responsable IT - Tech - TIC<\/a>\r\n                                    <\/h3>\r\n                                    <div class=\"item--position\">It-tech@sentradewestafrica.com <\/div>\r\n                                    <ul class=\"item--social\">\r\n                                                                            <\/ul>\r\n                                <\/div>\r\n                            <\/div>\r\n                       <\/div>\r\n                    <\/div>\r\n                                    <div class=\"slick-slide\">\r\n                        <div class=\"item--inner \">\r\n                                                            <div class=\"item--image\">\r\n                                    <a ><img decoding=\"async\" width=\"2560\" height=\"2560\" src=\"https:\/\/sentradewestafrica.com\/wp-content\/uploads\/2023\/10\/picture-profile-icon-male-icon-human-or-people-sign-and-symbol-free-vector-scaled.jpeg\" class=\"attachment-full\" alt=\"\" \/><\/a>\r\n                                <\/div>\r\n                                                        <div class=\"item--holder\">\r\n                                <div class=\"item--holder-inner\">\r\n                                    <h3 class=\"item--title\">    \r\n                                        <a >Le Responsable IT - Tech - TIC<\/a>\r\n                                    <\/h3>\r\n                                    <div class=\"item--position\">It-tech@sentradewestafrica.com <\/div>\r\n                                    <ul class=\"item--social\">\r\n                                                                            <\/ul>\r\n                                <\/div>\r\n                            <\/div>\r\n                       <\/div>\r\n                    <\/div>\r\n                            <\/div>\r\n        <\/div>\r\n    <\/div>\r\n\t\t<\/div>\n\t\t\t\t<\/div>\n\t\t\t\t\t<\/div>\n\t\t\t\t<\/div>\n\t\t<div class=\"elementor-element elementor-element-f591b57 e-flex e-con-boxed e-con e-parent\" data-id=\"f591b57\" data-element_type=\"container\" data-settings=\"{&quot;content_width&quot;:&quot;boxed&quot;}\" data-core-v316-plus=\"true\">\n\t\t\t\t\t<div class=\"e-con-inner\">\n\t\t\t\t<div class=\"elementor-element elementor-element-5d2f3f1 elementor-widget elementor-widget-ct_team_carousel\" data-id=\"5d2f3f1\" data-element_type=\"widget\" data-widget_type=\"ct_team_carousel.default\">\n\t\t\t\t<div class=\"elementor-widget-container\">\n\t\t\t    <div class=\"ct-team ct-team-carousel1 ct-slick-slider\">\r\n        <div class=\"ct-carousel-inner\">\r\n            <div class=\"ct-slick-carousel slick-arrow-style2\" data-arrows=\"\" data-dots=\"\" data-pauseOnHover=\"\" data-autoplay=\"\" data-autoplaySpeed=\"5000\" data-infinite=\"\" data-speed=\"500\" data-colxs=\"1\" data-colsm=\"2\" data-colmd=\"3\" data-collg=\"3\" data-colxl=\"3\" data-dir=\"false\" data-slidesToScroll=\"1\">\r\n                                    <div class=\"slick-slide\">\r\n                        <div class=\"item--inner \">\r\n                                                            <div class=\"item--image\">\r\n                                    <a ><img decoding=\"async\" width=\"2560\" height=\"2560\" src=\"https:\/\/sentradewestafrica.com\/wp-content\/uploads\/2023\/10\/picture-profile-icon-male-icon-human-or-people-sign-and-symbol-free-vector-scaled.jpeg\" class=\"attachment-full\" alt=\"\" \/><\/a>\r\n                                <\/div>\r\n                                                        <div class=\"item--holder\">\r\n                                <div class=\"item--holder-inner\">\r\n                                    <h3 class=\"item--title\">    \r\n                                        <a >La Secr\u00e9taire Administrative et Comptable<\/a>\r\n                                    <\/h3>\r\n                                    <div class=\"item--position\">secretaire@sentradewestafrica.com <\/div>\r\n                                    <ul class=\"item--social\">\r\n                                                                            <\/ul>\r\n                                <\/div>\r\n                            <\/div>\r\n                       <\/div>\r\n                    <\/div>\r\n                                    <div class=\"slick-slide\">\r\n                        <div class=\"item--inner \">\r\n                                                            <div class=\"item--image\">\r\n                                    <a ><img decoding=\"async\" width=\"2560\" height=\"2560\" src=\"https:\/\/sentradewestafrica.com\/wp-content\/uploads\/2023\/10\/picture-profile-icon-male-icon-human-or-people-sign-and-symbol-free-vector-scaled.jpeg\" class=\"attachment-full\" alt=\"\" \/><\/a>\r\n                                <\/div>\r\n                                                        <div class=\"item--holder\">\r\n                                <div class=\"item--holder-inner\">\r\n                                    <h3 class=\"item--title\">    \r\n                                        <a >Les Experts et Consultants<\/a>\r\n                                    <\/h3>\r\n                                    <div class=\"item--position\"><\/div>\r\n                                    <ul class=\"item--social\">\r\n                                                                            <\/ul>\r\n                                <\/div>\r\n                            <\/div>\r\n                       <\/div>\r\n                    <\/div>\r\n                                    <div class=\"slick-slide\">\r\n                        <div class=\"item--inner \">\r\n                                                            <div class=\"item--image\">\r\n                                    <a ><img decoding=\"async\" width=\"2560\" height=\"2560\" src=\"https:\/\/sentradewestafrica.com\/wp-content\/uploads\/2023\/10\/picture-profile-icon-male-icon-human-or-people-sign-and-symbol-free-vector-scaled.jpeg\" class=\"attachment-full\" alt=\"\" \/><\/a>\r\n                                <\/div>\r\n                                                        <div class=\"item--holder\">\r\n                                <div class=\"item--holder-inner\">\r\n                                    <h3 class=\"item--title\">    \r\n                                        <a >Les Fournisseurs et Prestataires <\/a>\r\n                                    <\/h3>\r\n                                    <div class=\"item--position\">It-tech@sentradewestafrica.com <\/div>\r\n                                    <ul class=\"item--social\">\r\n                                                                            <\/ul>\r\n                                <\/div>\r\n                            <\/div>\r\n                       <\/div>\r\n                    <\/div>\r\n                            <\/div>\r\n        <\/div>\r\n    <\/div>\r\n\t\t<\/div>\n\t\t\t\t<\/div>\n\t\t\t\t\t<\/div>\n\t\t\t\t<\/div>\n\t\t\t\t\t\t\t<\/div>\n\t\t","protected":false},"excerpt":{"rendered":"<p>Mor Aly NDIAYE Le Directeur G\u00e9n\u00e9ral Le Charg\u00e9 de Programmes Th\u00e9matique et Scientifique faye@sentradewwestafrica.com Le Charg\u00e9 de la Communication fall@sentradewestafria.com Le Responsable Logistique demba@sentradewestafrica.com Le Responsable IT &#8211; Tech &#8211; TIC It-tech@sentradewestafrica.com Le Responsable IT &#8211; Tech &#8211; TIC It-tech@sentradewestafrica.com La Secr\u00e9taire Administrative et Comptable secretaire@sentradewestafrica.com Les Experts et Consultants Les Fournisseurs et Prestataires It-tech@sentradewestafrica.com<\/p>\n","protected":false},"author":1,"featured_media":0,"parent":0,"menu_order":0,"comment_status":"closed","ping_status":"closed","template":"","meta":{"footnotes":""},"class_list":["post-7971","page","type-page","status-publish","hentry"],"_links":{"self":[{"href":"https:\/\/sentradewestafrica.com\/index.php\/wp-json\/wp\/v2\/pages\/7971","targetHints":{"allow":["GET"]}}],"collection":[{"href":"https:\/\/sentradewestafrica.com\/index.php\/wp-json\/wp\/v2\/pages"}],"about":[{"href":"https:\/\/sentradewestafrica.com\/index.php\/wp-json\/wp\/v2\/types\/page"}],"author":[{"embeddable":true,"href":"https:\/\/sentradewestafrica.com\/index.php\/wp-json\/wp\/v2\/users\/1"}],"replies":[{"embeddable":true,"href":"https:\/\/sentradewestafrica.com\/index.php\/wp-json\/wp\/v2\/comments?post=7971"}],"version-history":[{"count":7,"href":"https:\/\/sentradewestafrica.com\/index.php\/wp-json\/wp\/v2\/pages\/7971\/revisions"}],"predecessor-version":[{"id":8183,"href":"https:\/\/sentradewestafrica.com\/index.php\/wp-json\/wp\/v2\/pages\/7971\/revisions\/8183"}],"wp:attachment":[{"href":"https:\/\/sentradewestafrica.com\/index.php\/wp-json\/wp\/v2\/media?parent=7971"}],"curies":[{"name":"wp","href":"https:\/\/api.w.org\/{rel}","templated":true}]}}